{"id":3451,"date":"2018-09-11T09:44:43","date_gmt":"2018-09-11T09:44:43","guid":{"rendered":"http:\/\/konte.uix.store\/?page_id=697"},"modified":"2018-09-11T09:44:43","modified_gmt":"2018-09-11T09:44:43","slug":"blog-post","status":"publish","type":"page","link":"https:\/\/puertasocultas.es\/index.php\/elements-2\/blog-post\/","title":{"rendered":"Blog Post"},"content":{"rendered":"<p>[vc_row][vc_column]<div class=\"konte-post-carousel konte-post-grid dots-left \" data-slick=\"{&quot;dots&quot;:true,&quot;arrows&quot;:false,&quot;infinite&quot;:false,&quot;slidesToShow&quot;:3,&quot;slidesToScroll&quot;:3}\" ><div class=\"post-11 post type-post status-publish format-standard hentry category-blog\">\n\t\t\t\t\t\n\t\t\t\t\t<div class=\"konte-post-grid__summary\">\n\t\t\t\t\t\t<h5 class=\"post-title\"><a href=\"https:\/\/puertasocultas.es\/index.php\/2024\/02\/10\/puertas-ocultas-y-invisibles-6\/\" rel=\"bookmark\">Puertas ocultas y invisibles<\/a><\/h5>\n\t\t\t\t\t\t<div class=\"post-summary\">Las puertas ocultas y invisibles son una tendencia en dise\u00f1o de interiores que est\u00e1 ganando popularidad. Estas puertas ofrecen una soluci\u00f3n elegante y funcional para maximizar el espacio y crear&hellip;<\/div>\n\t\t\t\t\t\t<a class=\"button alt\" href=\"https:\/\/puertasocultas.es\/index.php\/2024\/02\/10\/puertas-ocultas-y-invisibles-6\/\">Continue reading<\/a>\n\t\t\t\t\t<\/div>\n\t\t\t\t<\/div><div class=\"post-10 post type-post status-publish format-standard hentry category-blog\">\n\t\t\t\t\t\n\t\t\t\t\t<div class=\"konte-post-grid__summary\">\n\t\t\t\t\t\t<h5 class=\"post-title\"><a href=\"https:\/\/puertasocultas.es\/index.php\/2024\/02\/10\/puertas-ocultas-y-invisibles-5\/\" rel=\"bookmark\">Puertas ocultas y invisibles<\/a><\/h5>\n\t\t\t\t\t\t<div class=\"post-summary\">Las puertas ocultas y invisibles son una opci\u00f3n cada vez m\u00e1s popular en el dise\u00f1o de interiores. Estas puertas ofrecen una soluci\u00f3n elegante y funcional para maximizar el espacio y&hellip;<\/div>\n\t\t\t\t\t\t<a class=\"button alt\" href=\"https:\/\/puertasocultas.es\/index.php\/2024\/02\/10\/puertas-ocultas-y-invisibles-5\/\">Continue reading<\/a>\n\t\t\t\t\t<\/div>\n\t\t\t\t<\/div><div class=\"post-8 post type-post status-publish format-standard hentry category-blog\">\n\t\t\t\t\t\n\t\t\t\t\t<div class=\"konte-post-grid__summary\">\n\t\t\t\t\t\t<h5 class=\"post-title\"><a href=\"https:\/\/puertasocultas.es\/index.php\/2024\/02\/10\/puertas-ocultas-y-invisibles-4\/\" rel=\"bookmark\">Puertas ocultas y invisibles<\/a><\/h5>\n\t\t\t\t\t\t<div class=\"post-summary\">Las puertas ocultas y invisibles son una tendencia en dise\u00f1o de interiores que ha ganado popularidad en los \u00faltimos a\u00f1os. Estas puertas ofrecen una soluci\u00f3n elegante y funcional para dividir&hellip;<\/div>\n\t\t\t\t\t\t<a class=\"button alt\" href=\"https:\/\/puertasocultas.es\/index.php\/2024\/02\/10\/puertas-ocultas-y-invisibles-4\/\">Continue reading<\/a>\n\t\t\t\t\t<\/div>\n\t\t\t\t<\/div><div class=\"post-7 post type-post status-publish format-standard hentry category-blog\">\n\t\t\t\t\t\n\t\t\t\t\t<div class=\"konte-post-grid__summary\">\n\t\t\t\t\t\t<h5 class=\"post-title\"><a href=\"https:\/\/puertasocultas.es\/index.php\/2024\/02\/10\/puertas-ocultas-y-invisibles-3\/\" rel=\"bookmark\">Puertas ocultas y invisibles<\/a><\/h5>\n\t\t\t\t\t\t<div class=\"post-summary\">Las puertas ocultas y invisibles son una opci\u00f3n cada vez m\u00e1s popular en el dise\u00f1o de interiores. Estas puertas se integran perfectamente en la decoraci\u00f3n de una habitaci\u00f3n, ya que&hellip;<\/div>\n\t\t\t\t\t\t<a class=\"button alt\" href=\"https:\/\/puertasocultas.es\/index.php\/2024\/02\/10\/puertas-ocultas-y-invisibles-3\/\">Continue reading<\/a>\n\t\t\t\t\t<\/div>\n\t\t\t\t<\/div><div class=\"post-6 post type-post status-publish format-standard hentry category-blog\">\n\t\t\t\t\t\n\t\t\t\t\t<div class=\"konte-post-grid__summary\">\n\t\t\t\t\t\t<h5 class=\"post-title\"><a href=\"https:\/\/puertasocultas.es\/index.php\/2024\/02\/10\/puertas-ocultas-y-invisibles-2\/\" rel=\"bookmark\">Puertas ocultas y invisibles<\/a><\/h5>\n\t\t\t\t\t\t<div class=\"post-summary\">Las puertas ocultas y invisibles son una tendencia en dise\u00f1o de interiores que est\u00e1 ganando popularidad. Estas puertas ofrecen una soluci\u00f3n elegante y funcional para maximizar el espacio en una&hellip;<\/div>\n\t\t\t\t\t\t<a class=\"button alt\" href=\"https:\/\/puertasocultas.es\/index.php\/2024\/02\/10\/puertas-ocultas-y-invisibles-2\/\">Continue reading<\/a>\n\t\t\t\t\t<\/div>\n\t\t\t\t<\/div><div class=\"post-5 post type-post status-publish format-standard hentry category-blog\">\n\t\t\t\t\t\n\t\t\t\t\t<div class=\"konte-post-grid__summary\">\n\t\t\t\t\t\t<h5 class=\"post-title\"><a href=\"https:\/\/puertasocultas.es\/index.php\/2024\/02\/10\/puertas-ocultas-y-invisibles\/\" rel=\"bookmark\">Puertas ocultas y invisibles<\/a><\/h5>\n\t\t\t\t\t\t<div class=\"post-summary\">En la actualidad, el dise\u00f1o de interiores ha evolucionado considerablemente, y una de las tendencias m\u00e1s populares es la incorporaci\u00f3n de puertas ocultas y invisibles. Estas puertas ofrecen una soluci\u00f3n&hellip;<\/div>\n\t\t\t\t\t\t<a class=\"button alt\" href=\"https:\/\/puertasocultas.es\/index.php\/2024\/02\/10\/puertas-ocultas-y-invisibles\/\">Continue reading<\/a>\n\t\t\t\t\t<\/div>\n\t\t\t\t<\/div><div class=\"post-74 post type-post status-publish format-standard has-post-thumbnail hentry category-fashion tag-fashion tag-featured tag-shopping tag-summer\">\n\t\t\t\t\t<a href=\"https:\/\/puertasocultas.es\/index.php\/2018\/08\/26\/go-behind-the-scenes-at-london-fashion-week-spring\/\" class=\"post-thumbnail\"><img fetchpriority=\"high\" decoding=\"async\" width=\"450\" height=\"300\" src=\"https:\/\/puertasocultas.es\/wp-content\/uploads\/2018\/08\/placeholder-450x300.jpg\" class=\"attachment-konte-post-thumbnail-shortcode size-konte-post-thumbnail-shortcode wp-post-image\" alt=\"\" srcset=\"https:\/\/puertasocultas.es\/wp-content\/uploads\/2018\/08\/placeholder-450x300.jpg 450w, https:\/\/puertasocultas.es\/wp-content\/uploads\/2018\/08\/placeholder-100x68.jpg 100w\" sizes=\"(max-width: 450px) 100vw, 450px\" \/><\/a>\n\t\t\t\t\t<div class=\"konte-post-grid__summary\">\n\t\t\t\t\t\t<h5 class=\"post-title\"><a href=\"https:\/\/puertasocultas.es\/index.php\/2018\/08\/26\/go-behind-the-scenes-at-london-fashion-week-spring\/\" rel=\"bookmark\">Go Behind the Scenes at London Fashion  Week Spring<\/a><\/h5>\n\t\t\t\t\t\t<div class=\"post-summary\">Suspendisse potenti. Quisque risus sem, volutpat a sapien et, mattis condimentum est. Suspendisse feugiat cursus turpis, et porta lectus euismod accumsan. Nam felis ipsum, eleifend sit amet sodales pellentesque, commodo&hellip;<\/div>\n\t\t\t\t\t\t<a class=\"button alt\" href=\"https:\/\/puertasocultas.es\/index.php\/2018\/08\/26\/go-behind-the-scenes-at-london-fashion-week-spring\/\">Continue reading<\/a>\n\t\t\t\t\t<\/div>\n\t\t\t\t<\/div><div class=\"post-71 post type-post status-publish format-standard has-post-thumbnail hentry category-lifestyle tag-outfit tag-shopping tag-streetstyle\">\n\t\t\t\t\t<a href=\"https:\/\/puertasocultas.es\/index.php\/2018\/08\/26\/iconic-eyewear-moments-from-the90s\/\" class=\"post-thumbnail\"><img fetchpriority=\"high\" decoding=\"async\" width=\"450\" height=\"300\" src=\"https:\/\/puertasocultas.es\/wp-content\/uploads\/2018\/08\/placeholder-450x300.jpg\" class=\"attachment-konte-post-thumbnail-shortcode size-konte-post-thumbnail-shortcode wp-post-image\" alt=\"\" srcset=\"https:\/\/puertasocultas.es\/wp-content\/uploads\/2018\/08\/placeholder-450x300.jpg 450w, https:\/\/puertasocultas.es\/wp-content\/uploads\/2018\/08\/placeholder-100x68.jpg 100w\" sizes=\"(max-width: 450px) 100vw, 450px\" \/><\/a>\n\t\t\t\t\t<div class=\"konte-post-grid__summary\">\n\t\t\t\t\t\t<h5 class=\"post-title\"><a href=\"https:\/\/puertasocultas.es\/index.php\/2018\/08\/26\/iconic-eyewear-moments-from-the90s\/\" rel=\"bookmark\">Iconic Eyewear Moments  From The\u201990s<\/a><\/h5>\n\t\t\t\t\t\t<div class=\"post-summary\">Suspendisse potenti. Quisque risus sem, volutpat a sapien et, mattis condimentum est. Suspendisse feugiat cursus turpis, et porta lectus euismod accumsan. Nam felis ipsum, eleifend sit amet sodales pellentesque, commodo&hellip;<\/div>\n\t\t\t\t\t\t<a class=\"button alt\" href=\"https:\/\/puertasocultas.es\/index.php\/2018\/08\/26\/iconic-eyewear-moments-from-the90s\/\">Continue reading<\/a>\n\t\t\t\t\t<\/div>\n\t\t\t\t<\/div><div class=\"post-68 post type-post status-publish format-standard has-post-thumbnail hentry category-culture tag-outfit tag-streetstyle tag-summer\">\n\t\t\t\t\t<a href=\"https:\/\/puertasocultas.es\/index.php\/2018\/08\/26\/this-seasons-it-shoe-trend-you-need-to-try\/\" class=\"post-thumbnail\"><img fetchpriority=\"high\" decoding=\"async\" width=\"450\" height=\"300\" src=\"https:\/\/puertasocultas.es\/wp-content\/uploads\/2018\/08\/placeholder-450x300.jpg\" class=\"attachment-konte-post-thumbnail-shortcode size-konte-post-thumbnail-shortcode wp-post-image\" alt=\"\" srcset=\"https:\/\/puertasocultas.es\/wp-content\/uploads\/2018\/08\/placeholder-450x300.jpg 450w, https:\/\/puertasocultas.es\/wp-content\/uploads\/2018\/08\/placeholder-100x68.jpg 100w\" sizes=\"(max-width: 450px) 100vw, 450px\" \/><\/a>\n\t\t\t\t\t<div class=\"konte-post-grid__summary\">\n\t\t\t\t\t\t<h5 class=\"post-title\"><a href=\"https:\/\/puertasocultas.es\/index.php\/2018\/08\/26\/this-seasons-it-shoe-trend-you-need-to-try\/\" rel=\"bookmark\">This Season\u2019s \u2018It\u2019 Shoe Trend You  Need to Try<\/a><\/h5>\n\t\t\t\t\t\t<div class=\"post-summary\">Suspendisse potenti. Quisque risus sem, volutpat a sapien et, mattis condimentum est. Suspendisse feugiat cursus turpis, et porta lectus euismod accumsan. Nam felis ipsum, eleifend sit amet sodales pellentesque, commodo&hellip;<\/div>\n\t\t\t\t\t\t<a class=\"button alt\" href=\"https:\/\/puertasocultas.es\/index.php\/2018\/08\/26\/this-seasons-it-shoe-trend-you-need-to-try\/\">Continue reading<\/a>\n\t\t\t\t\t<\/div>\n\t\t\t\t<\/div><\/div>[\/vc_column][\/vc_row]<\/p>\n","protected":false},"excerpt":{"rendered":"<p>[vc_row][vc_column][\/vc_column][\/vc_row]<\/p>\n","protected":false},"author":1,"featured_media":0,"parent":3436,"menu_order":0,"comment_status":"closed","ping_status":"closed","template":"","meta":{"footnotes":""},"class_list":["post-3451","page","type-page","status-publish","hentry"],"_links":{"self":[{"href":"https:\/\/puertasocultas.es\/index.php\/wp-json\/wp\/v2\/pages\/3451"}],"collection":[{"href":"https:\/\/puertasocultas.es\/index.php\/wp-json\/wp\/v2\/pages"}],"about":[{"href":"https:\/\/puertasocultas.es\/index.php\/wp-json\/wp\/v2\/types\/page"}],"author":[{"embeddable":true,"href":"https:\/\/puertasocultas.es\/index.php\/wp-json\/wp\/v2\/users\/1"}],"replies":[{"embeddable":true,"href":"https:\/\/puertasocultas.es\/index.php\/wp-json\/wp\/v2\/comments?post=3451"}],"version-history":[{"count":0,"href":"https:\/\/puertasocultas.es\/index.php\/wp-json\/wp\/v2\/pages\/3451\/revisions"}],"up":[{"embeddable":true,"href":"https:\/\/puertasocultas.es\/index.php\/wp-json\/wp\/v2\/pages\/3436"}],"wp:attachment":[{"href":"https:\/\/puertasocultas.es\/index.php\/wp-json\/wp\/v2\/media?parent=3451"}],"curies":[{"name":"wp","href":"https:\/\/api.w.org\/{rel}","templated":true}]}}